{"id":814,"date":"2022-01-27T19:56:59","date_gmt":"2022-01-27T19:56:59","guid":{"rendered":"https:\/\/www.grandtimeshotel.com\/grand-times-blainville\/?page_id=814"},"modified":"2023-08-11T16:33:27","modified_gmt":"2023-08-11T16:33:27","slug":"meeting-rooms","status":"publish","type":"page","link":"https:\/\/www.grandtimeshotel.com\/grand-times-blainville\/fr\/meeting-rooms\/","title":{"rendered":"Plans de Salles"},"content":{"rendered":"<p>Vous trouverez ici les plans de nos salles selon leur montage:<\/p>\n<p><em>Les montages que vous verrez ci dessous sont les montages de base que nous faisons, mais nous pouvons faire des montages personnalis\u00e9s pour votre groupe, et placer la salle selon vos go\u00fbts et vos besoins!\u00a0<\/em><\/p>\n<p><a href=\"https:\/\/www.grandtimeshotel.com\/grand-times-blainville\/wp-content\/uploads\/sites\/9\/2022\/02\/Salles-du-6e-etage-montees-en-Demi-Lunes-1.pdf\"><span style=\"color: #ffff00\">Salles du 6e \u00e9tage mont\u00e9es en Demi-Lunes<\/span><\/a><\/p>\n<p><a href=\"https:\/\/www.grandtimeshotel.com\/grand-times-blainville\/wp-content\/uploads\/sites\/9\/2022\/02\/Salles-du-6e-etage-montees-en-Banquet-1.pdf\"><span style=\"color: #ffff00\">Salles du 6e \u00e9tage mont\u00e9es en Banquet<\/span><\/a><\/p>\n<p><a href=\"https:\/\/www.grandtimeshotel.com\/grand-times-blainville\/wp-content\/uploads\/sites\/9\/2022\/02\/Salles-du-6e-etage-montees-en-U-1.pdf\"><span style=\"color: #ffff00\">Salles du 6e \u00e9tage mont\u00e9es en U\u00a0<\/span><\/a><\/p>\n<h5><span style=\"color: #ffff00\"><a style=\"color: #ffff00\" href=\"https:\/\/www.grandtimeshotel.com\/grand-times-blainville\/wp-content\/uploads\/sites\/9\/2022\/02\/Salles-du-6e-etage-montees-en-Ecole-1.pdf\">Salles du 6e \u00e9tage mont\u00e9es en \u00c9cole\u00a0<\/a><\/span><\/h5>\n<p><\/p>","protected":false},"excerpt":{"rendered":"<p>Vous trouverez ici les plans de nos salles selon leur montage: Les montages que vous verrez ci dessous sont les montages de base que nous faisons, mais nous pouvons faire des montages personnalis\u00e9s pour votre groupe, et placer la salle selon vos go\u00fbts et vos besoins!\u00a0 Salles du 6e \u00e9tage mont\u00e9es en Demi-Lunes Salles du [&hellip;]<\/p>\n","protected":false},"author":5,"featured_media":0,"parent":0,"menu_order":0,"comment_status":"closed","ping_status":"closed","template":"guest-comments.php","meta":{"footnotes":""},"class_list":["post-814","page","type-page","status-publish","hentry"],"_links":{"self":[{"href":"https:\/\/www.grandtimeshotel.com\/grand-times-blainville\/fr\/wp-json\/wp\/v2\/pages\/814","targetHints":{"allow":["GET"]}}],"collection":[{"href":"https:\/\/www.grandtimeshotel.com\/grand-times-blainville\/fr\/wp-json\/wp\/v2\/pages"}],"about":[{"href":"https:\/\/www.grandtimeshotel.com\/grand-times-blainville\/fr\/wp-json\/wp\/v2\/types\/page"}],"author":[{"embeddable":true,"href":"https:\/\/www.grandtimeshotel.com\/grand-times-blainville\/fr\/wp-json\/wp\/v2\/users\/5"}],"replies":[{"embeddable":true,"href":"https:\/\/www.grandtimeshotel.com\/grand-times-blainville\/fr\/wp-json\/wp\/v2\/comments?post=814"}],"version-history":[{"count":12,"href":"https:\/\/www.grandtimeshotel.com\/grand-times-blainville\/fr\/wp-json\/wp\/v2\/pages\/814\/revisions"}],"predecessor-version":[{"id":1023,"href":"https:\/\/www.grandtimeshotel.com\/grand-times-blainville\/fr\/wp-json\/wp\/v2\/pages\/814\/revisions\/1023"}],"wp:attachment":[{"href":"https:\/\/www.grandtimeshotel.com\/grand-times-blainville\/fr\/wp-json\/wp\/v2\/media?parent=814"}],"curies":[{"name":"wp","href":"https:\/\/api.w.org\/{rel}","templated":true}]}}

<p>Vous trouverez ici les plans de nos salles selon leur montage:</p>
<p><em>Les montages que vous verrez ci dessous sont les montages de base que nous faisons, mais nous pouvons faire des montages personnalisés pour votre groupe, et placer la salle selon vos goûts et vos besoins! </em></p>
<p><a href="https://www.grandtimeshotel.com/grand-times-blainville/wp-content/uploads/sites/9/2022/02/Salles-du-6e-etage-montees-en-Demi-Lunes-1.pdf"><span style="color: #ffff00">Salles du 6e étage montées en Demi-Lunes</span></a></p>
<p><a href="https://www.grandtimeshotel.com/grand-times-blainville/wp-content/uploads/sites/9/2022/02/Salles-du-6e-etage-montees-en-Banquet-1.pdf"><span style="color: #ffff00">Salles du 6e étage montées en Banquet</span></a></p>
<p><a href="https://www.grandtimeshotel.com/grand-times-blainville/wp-content/uploads/sites/9/2022/02/Salles-du-6e-etage-montees-en-U-1.pdf"><span style="color: #ffff00">Salles du 6e étage montées en U </span></a></p>
<h5><span style="color: #ffff00"><a style="color: #ffff00" href="https://www.grandtimeshotel.com/grand-times-blainville/wp-content/uploads/sites/9/2022/02/Salles-du-6e-etage-montees-en-Ecole-1.pdf">Salles du 6e étage montées en École </a></span></h5>
<p></p>

<p>Vous trouverez ici les plans de nos salles selon leur montage: Les montages que vous verrez ci dessous sont les montages de base que nous faisons, mais nous pouvons faire des montages personnalisés pour votre groupe, et placer la salle selon vos goûts et vos besoins!  Salles du 6e étage montées en Demi-Lunes Salles du [&hellip;]</p>
